{"id":11018,"date":"2020-05-07T10:40:42","date_gmt":"2020-05-07T08:40:42","guid":{"rendered":"http:\/\/www.wspr.bialystok.pl\/?page_id=11018"},"modified":"2022-08-09T10:09:28","modified_gmt":"2022-08-09T08:09:28","slug":"poprawa-sytuacji-epidemiologicznej-w-zwiazku-z-zagrozeniem-spowodowanym-przez-koronawirus-sars-cov-2-na-terenie-wojewodztwa-podlaskiego","status":"publish","type":"page","link":"https:\/\/www.wspr.bialystok.pl\/?page_id=11018","title":{"rendered":"Poprawa sytuacji epidemiologicznej w zwi\u0105zku z zagro\u017ceniem spowodowanym przez koronawirus SARS-CoV-2 na terenie wojew\u00f3dztwa podlaskiego"},"content":{"rendered":"<div id=\"dslc-theme-content\"><div id=\"dslc-theme-content-inner\"><\/div><\/div>","protected":false},"excerpt":{"rendered":"","protected":false},"author":22,"featured_media":0,"parent":0,"menu_order":0,"comment_status":"closed","ping_status":"closed","template":"","meta":{"footnotes":""},"class_list":["post-11018","page","type-page","status-publish"],"_links":{"self":[{"href":"https:\/\/www.wspr.bialystok.pl\/index.php?rest_route=\/wp\/v2\/pages\/11018","targetHints":{"allow":["GET"]}}],"collection":[{"href":"https:\/\/www.wspr.bialystok.pl\/index.php?rest_route=\/wp\/v2\/pages"}],"about":[{"href":"https:\/\/www.wspr.bialystok.pl\/index.php?rest_route=\/wp\/v2\/types\/page"}],"author":[{"embeddable":true,"href":"https:\/\/www.wspr.bialystok.pl\/index.php?rest_route=\/wp\/v2\/users\/22"}],"replies":[{"embeddable":true,"href":"https:\/\/www.wspr.bialystok.pl\/index.php?rest_route=%2Fwp%2Fv2%2Fcomments&post=11018"}],"version-history":[{"count":1,"href":"https:\/\/www.wspr.bialystok.pl\/index.php?rest_route=\/wp\/v2\/pages\/11018\/revisions"}],"predecessor-version":[{"id":11019,"href":"https:\/\/www.wspr.bialystok.pl\/index.php?rest_route=\/wp\/v2\/pages\/11018\/revisions\/11019"}],"wp:attachment":[{"href":"https:\/\/www.wspr.bialystok.pl\/index.php?rest_route=%2Fwp%2Fv2%2Fmedia&parent=11018"}],"curies":[{"name":"wp","href":"https:\/\/api.w.org\/{rel}","templated":true}]}}