{"id":166,"date":"2013-09-05T22:02:02","date_gmt":"2013-09-05T20:02:02","guid":{"rendered":"http:\/\/serwer1345579.home.pl\/?page_id=166"},"modified":"2019-11-19T13:18:29","modified_gmt":"2019-11-19T12:18:29","slug":"jak-wzywac","status":"publish","type":"page","link":"https:\/\/www.wspr.bialystok.pl\/?page_id=166","title":{"rendered":"Jak wzywa\u0107 ?"},"content":{"rendered":"<div id=\"dslc-theme-content\"><div id=\"dslc-theme-content-inner\"><p style=\"text-align: center;\"><span style=\"color: #000000;\">Podstawowym numerem alarmowym pogotowia ratunkowego w Polsce jest numer bezp\u0142atny<\/span><\/p>\n<h2 style=\"text-align: center;\"><span style=\"color: #ff0000;\"><b>999<\/b><\/span><\/h2>\n<p style=\"text-align: center;\"><span style=\"color: #000000;\">Pod tym numerem nale\u017cy zg\u0142asza\u0107 wszelkie sytuacje, w kt\u00f3rych konieczna b\u0119dzie pomoc zespo\u0142\u00f3w ratownictwa medycznego.<\/span><\/p>\n<p style=\"text-align: center;\"><span style=\"color: #000000;\">Zg\u0142oszenie odbiera przeszkolony dyspozytor. Dyspozytor musi zada\u0107 kilka podstawowych pyta\u0144, tak aby ustali\u0107 pow\u00f3d wezwania, jego pilno\u015b\u0107 oraz rodzaj zespo\u0142u, kt\u00f3ry zrealizuje to wezwanie.<\/span><\/p>\n<p style=\"text-align: center;\"><span style=\"color: #000000;\"><b>NIEZWYKLE WA\u017bNE JEST POD\u0104\u017bANIE ZA PYTANIAMI DYSPOZYTORA.<\/b><\/span><\/p>\n<p style=\"text-align: center;\"><span style=\"color: #000000;\">Bardzo istotne jest, aby nawet w dramatycznej sytuacji, nie podnosi\u0107 g\u0142osu, nie krzycze\u0107, nie pogania\u0107 dyspozytora; to nie przy\u015bpieszy dotarcia zespo\u0142u, a mo\u017ce nawet op\u00f3\u017ani\u0107 czas realizacji.<\/span><\/p>\n<p style=\"text-align: left;\"><span style=\"text-decoration: underline;\"><span style=\"color: #000000; text-decoration: underline;\">Procedura zbierania wywiadu<\/span><\/span><\/p>\n<ol style=\"text-align: center;\">\n<li style=\"text-align: left;\"><span style=\"color: #000000;\">Dzie\u0144 dobry, Pogotowie Ratunkowe\/Centrum Powiadamiania Ratunkowego (oddzia\u0142, funkcja, nazwisko), s\u0142ucham, w czym mog\u0119 pom\u00f3c (oferta pomocy)<\/span><\/li>\n<li style=\"text-align: left;\"><span style=\"color: #000000;\">Prosz\u0119 poda\u0107 adres (dok\u0142adna lokalizacja, punkty orientacyjne, numer telefonu, imi\u0119 i nazwisko wzywaj\u0105cego).<\/span><\/li>\n<li style=\"text-align: left;\"><span style=\"color: #000000;\">Kto potrzebuje pomocy (wiek, p\u0142e\u0107, imi\u0119, nazwisko, przydomek)?<\/span><\/li>\n<li style=\"text-align: left;\"><span style=\"color: #000000;\">Co si\u0119 sta\u0142o (rodzaj zdarzenia, zachorowania, liczba poszkodowanych)?<\/span><\/li>\n<\/ol>\n<p style=\"text-align: center;\"><span style=\"color: #0000ff;\">Nigdy nie roz\u0142\u0105czaj si\u0119 jako pierwszy - to Dyspozytor ko\u0144czy rozmow\u0119!!<\/span><\/p>\n<p style=\"text-align: center;\"><span style=\"color: #000000;\">Pami\u0119taj, \u017ce nieuzasadnione wezwanie jest zagro\u017ceniem dla drugiego cz\u0142owieka utrat\u0105 \u017cycia!!!<\/span><\/p>\n<p style=\"text-align: center;\">\n<p style=\"text-align: center;\">\n<p style=\"text-align: center;\">Na pro\u015bb\u0119 Towarzystwa Zapobiegania Toni\u0119ciom i Ratowania Ton\u0105cych w Supra\u015blu, poni\u017cej upubliczniamy numery telefon\u00f3w, kt\u00f3re s\u0105 wykorzystywane w pracy ratownik\u00f3w wodnych podczas pe\u0142nienia sta\u0142ych dy\u017cur\u00f3w ratowniczych na zalewie na rzece Supra\u015bl w Supra\u015blu:<\/p>\n<p style=\"text-align: center;\">503 464 946<\/p>\n<p style=\"text-align: center;\">692 448 172<\/p>\n<p style=\"text-align: center;\">787 187 672<\/p>\n<p style=\"text-align: center;\">607 226 071<\/p>\n<p style=\"text-align: center;\">503 020 500<\/p>\n<p style=\"text-align: center;\">507 672 989<\/p>\n<\/div><\/div>","protected":false},"excerpt":{"rendered":"<p>Podstawowym numerem alarmowym pogotowia ratunkowego w Polsce jest numer bezp\u0142atny 999 Pod tym numerem nale\u017cy zg\u0142asza\u0107 wszelkie sytuacje, w kt\u00f3rych konieczna b\u0119dzie pomoc zespo\u0142\u00f3w ratownictwa medycznego. Zg\u0142oszenie odbiera przeszkolony dyspozytor. Dyspozytor musi zada\u0107 kilka podstawowych pyta\u0144, tak aby ustali\u0107 pow\u00f3d wezwania, jego pilno\u015b\u0107 oraz rodzaj zespo\u0142u, kt\u00f3ry zrealizuje to wezwanie. NIEZWYKLE WA\u017bNE JEST POD\u0104\u017bANIE ZA ... <a title=\"Jak wzywa\u0107 ?\" class=\"read-more\" href=\"https:\/\/www.wspr.bialystok.pl\/?page_id=166\" aria-label=\"Dowiedz si\u0119 wi\u0119cej o Jak wzywa\u0107 ?\">Dowiedz si\u0119 wi\u0119cej<\/a><\/p>\n","protected":false},"author":22,"featured_media":0,"parent":154,"menu_order":0,"comment_status":"closed","ping_status":"open","template":"","meta":{"footnotes":""},"class_list":["post-166","page","type-page","status-publish"],"_links":{"self":[{"href":"https:\/\/www.wspr.bialystok.pl\/index.php?rest_route=\/wp\/v2\/pages\/166","targetHints":{"allow":["GET"]}}],"collection":[{"href":"https:\/\/www.wspr.bialystok.pl\/index.php?rest_route=\/wp\/v2\/pages"}],"about":[{"href":"https:\/\/www.wspr.bialystok.pl\/index.php?rest_route=\/wp\/v2\/types\/page"}],"author":[{"embeddable":true,"href":"https:\/\/www.wspr.bialystok.pl\/index.php?rest_route=\/wp\/v2\/users\/22"}],"replies":[{"embeddable":true,"href":"https:\/\/www.wspr.bialystok.pl\/index.php?rest_route=%2Fwp%2Fv2%2Fcomments&post=166"}],"version-history":[{"count":11,"href":"https:\/\/www.wspr.bialystok.pl\/index.php?rest_route=\/wp\/v2\/pages\/166\/revisions"}],"predecessor-version":[{"id":2465,"href":"https:\/\/www.wspr.bialystok.pl\/index.php?rest_route=\/wp\/v2\/pages\/166\/revisions\/2465"}],"up":[{"embeddable":true,"href":"https:\/\/www.wspr.bialystok.pl\/index.php?rest_route=\/wp\/v2\/pages\/154"}],"wp:attachment":[{"href":"https:\/\/www.wspr.bialystok.pl\/index.php?rest_route=%2Fwp%2Fv2%2Fmedia&parent=166"}],"curies":[{"name":"wp","href":"https:\/\/api.w.org\/{rel}","templated":true}]}}